et z(k) = -93*k + 37. Let v(r) = -23*r + 9. Let a(s) = -9*v(s) + 2*z(s). What is the remainder when a(1) is divided by 8?
6
Let a be 30*-1*17/(-3). Suppose 6*c - a = c. Suppose g = 0, -c = -4*o - 5*g + 130. Calculate the remainder when o is divided by 21.
20
Suppose 0 = 3*u + 2*u - 580. Calculate the remainder when u is divided by 30.
26
Let b = -83 + 147. Let d = 91 - b. Calculate the remainder when 105 is divided by d.
24
Let v be 60*((-17)/(-5) + -3). Suppose 5*x - x = v. Let h(q) = -q**2 + 7*q + 5. Calculate the remainder when 19 is divided by h(x).
8
Suppose 2*x - 14 = -0. Let o(m) = 8*m + 464 + 3*m**2 + 2*m**2 - m**3 - 452. Calculate the remainder when o(6) is divided by x.
3
Suppose 26*t = 5*t + 210. What is the remainder when 29 is divided by t?
9
Let h be 6*(-2)/12*-2. Suppose 5*n - 425 = -5*o + 65, -h*o + 194 = 4*n. What is the remainder when o is divided by 24 + 0 + (-1)/(-1)?
24
Suppose 4*w = -4*q + 360, 3*w - 4*q = 2*w + 70. Suppose 24 = -4*j - 0*j. Let f(h) = -4*h - 2. What is the remainder when w is divided by f(j)?
20
Let i(q) = 8*q - 3. Let r = 1 - -1. Calculate the remainder when (23/(-4))/((-14)/(-504)*-9) is divided by i(r).
10
Suppose -6*j = -5*q - 5*j + 436, q - 4*j - 72 = 0. Calculate the remainder when q is divided by 15.
13
Let v(c) = 9*c - 21. What is the remainder when 44 is divided by v(4)?
14
Suppose 0 = -w + 16 + 24. Calculate the remainder when w is divided by 27.
13
Let r(y) = y**2 - y - 3. Let g be r(-1). Let s(j) = 35*j**2 + 3*j. Calculate the remainder when s(g) is divided by 11.
10
Suppose 13 = 5*o + 3. Let p be 9/4*8/3. Suppose o*g - p*g = -236. What is the remainder when g is divided by 15?
14
Suppose 9*j - 6 = 12*j + 3*f, 0 = -3*j - 4*f - 11. What is the remainder when 68 is divided by j?
2
Let v be (-6 - -4)/(-2) - -1. Suppose -s = -3*s + 2*z, 6 = 4*s - v*z. What is the remainder when 6 is divided by s?
0
Let n = 23 - 26. Calculate the remainder when 51 is divided by ((8/2)/8)/(n/(-108)).
15
Let f(d) = -d**3 + 5*d**2 + 8*d + 2. Let o = 13 + -7. Let h be f(o). Suppose -y + h = -8. Calculate the remainder when 42 is divided by y.
20
Let f = 405 - 33. What is the remainder when f is divided by 55?
42
Let w(y) = y + 11. Let l be w(-8). Suppose -2*m - l*m = 35. Let f = 13 + m. What is the remainder when 17 is divided by f?
5
Let b = 159 + -148. Calculate the remainder when 43 is divided by b.
10
Suppose -b = j - 55, -12 = -3*b + 5*j + 121. Calculate the remainder when 201 is divided by b.
48
Let o = -77 + 109. Suppose y - w - o - 120 = 0, 0 = -3*y + w + 448. What is the remainder when y is divided by 6?
4
Calculate the remainder when 239 is divided by (-7 + 62/6)/((-2)/(-21)).
29
Let c = -14 + 17. Suppose 17 - 1 = -3*t - 2*i, -4 = -c*t + 2*i. What is the remainder when (-1)/(t - 81/(-41)) is divided by 11?
8
Let p(g) = 6*g**2 - 6. Let b be p(-2). What is the remainder when 1804/24 + 3 - 3/b is divided by 20?
18
Suppose 14 = 4*r + 2. What is the remainder when (-2)/2*(-180)/20 is divided by r?
0
Suppose -8*u + 25 = -47. Let b = 10 - u. What is the remainder when 2 is divided by b?
0
Let v = -4 - -4. Suppose -w - 2 + 7 = v. Suppose -39 = -w*b + 6. What is the remainder when 16 is divided by b?
7
Suppose 85 = 18*a - 2849. What is the remainder when a is divided by 25?
13
Suppose 4*w - 64 = 2*w. Let d be (-1 - 2) + 2 + 18. Suppose 2*t - d = t. Calculate the remainder when w is divided by t.
15
Suppose t + 2 = 3*c + 52, 0 = -2*c + 2. Calculate the remainder when 210 is divided by t.
51
Let u be 3 - 0 - (-10 - -10). Suppose -4*k - 52 = -4*i, -3*i + u = k - 16. Calculate the remainder when i is divided by 6.
2
Let f = -2438 - -2848. What is the remainder when f is divided by 19?
11
Let p = -27 + 21. What is the remainder when 35 is divided by p/15 + 291/15?
16
Suppose -26*f = -787 - 409. Calculate the remainder when 169 is divided by f.
31
Let y = -29 - -63. Calculate the remainder when 61 is divided by y.
27
What is the remainder when 29 is divided by ((-15)/(-12))/(((-18)/8)/(-9))?
4
Let w = 411 - 348. Calculate the remainder when w is divided by 17.
12
Suppose -3*h = 13 - 112. What is the remainder when 3678/27 - 5 - 8/36 is divided by h?
32
Suppose -5*c - 292 + 722 = 0. Let y be 1 + 1 + -1 + c. Let u = y + -53. What is the remainder when u is divided by 18?
16
Let c = 756 + -432. What is the remainder when c is divided by 65?
64
Suppose -4*v + 0*v + 72 = 0. Calculate the remainder when 67 is divided by v.
13
What is the remainder when (1*-30)/(-3 + (-7)/(-3)) is divided by 11?
1
Let n(j) = 14*j + 1. Let y = -649 + 666. Calculate the remainder when n(3) is divided by y.
9
Suppose 512*s + 1797 = 515*s. Calculate the remainder when s is divided by 14.
11
Let v(g) = 10 + 23 + 24*g - 42. What is the remainder when v(2) is divided by 12 + -2 + 0/2?
9
Suppose 0*s = 2*s - 3*l - 63, 2*l + 62 = 2*s. What is the remainder when s is divided by 11?
8
Suppose -8*o + 1128 = -2*o. Calculate the remainder when 2 + (o/8 - 6/4) is divided by 5.
4
What is the remainder when 263 is divided by 19 - (2/(-2) - (-28)/(-7))?
23
Let r(q) = q**2 - q - 4. Let x = 91 - 30. What is the remainder when x is divided by r(5)?
13
Let z(c) = -c**2 + 9*c + 21. Suppose -2*n - 2*n = -44. Calculate the remainder when z(8) is divided by n.
7
Let m = -170 - -259. Let h be (4/(-4) - (3 - 1)) + 84. Let g = h - 58. What is the remainder when m is divided by g?
20
Suppose -p - 185 = -5*b + b, 3*b + 4*p = 134. What is the remainder when 270 is divided by b?
40
Calculate the remainder when -5 + 11 - (-70 - -1) is divided by 20.
15
Let i(r) = 2*r**2 + 8*r + 6. Let f be i(-6). Calculate the remainder when (f/5)/((-2)/(-24)) is divided by 25.
22
Suppose 2 = 5*u - 98. Let g(h) = -h + 8. Let y be g(5). Suppose -y*q + 11 = -22. What is the remainder when u is divided by q?
9
Let h be (-2)/(-6) + 70/6. Suppose -4*w - 2*u = -12 - h, 32 = 4*w - 2*u. Calculate the remainder when 19 is divided by w.
5
Let y(g) = 5*g + 2. Let p be y(-2). What is the remainder when ((-165)/10)/(2/p) is divided by 23?
20
Let d be ((-24)/(-20))/((-8)/(-20)). Suppose -4*t = -3*t - d. Suppose -t*k = 4*k - 175. Calculate the remainder when k is divided by 9.
7
Suppose -5*p = -0*p. Suppose -5*h + 12 = -8. Suppose -5*s - h*v = -p*v - 27, 4 = -2*v. Calculate the remainder when 25 is divided by s.
4
Suppose -1198 = 61*h - 63*h. Calculate the remainder when h is divided by 40.
39
Suppose -5*z - l + 10 = -0*l, 4*l = -5*z + 10. Suppose -q + 15 = 5*f, -q - 1 + z = -2*f. Calculate the remainder when 32 is divided by f + 4/2 + 8.
8
Suppose 27*y + 1430 = 49*y. What is the remainder when y is divided by 12?
5
Let v(u) = -u**2 - 31*u - 143. What is the remainder when v(-20) is divided by 1/(2 + -1) - -19?
17
Let z(a) = 6*a. Let d(c) = c**2 - 2*c - 1. Let f be d(2). Let m be f/3 - 20/(-6). What is the remainder when 34 is divided by z(m)?
16
Suppose -4*m - 15 = -m, -5*q + 3*m = -145. What is the remainder when q is divided by (-1)/(-2) + (-29)/(-2)?
11
Suppose -4*r - 106 + 422 = 0. Suppose -u + 20 + r = 2*p, -4*p + 105 = u. Suppose -4*b + 71 = -57. Calculate the remainder when u is divided by b.
29
Suppose 4*o = 5*o - 110. Let q = o + -82. Calculate the remainder when q is divided by 16.
12
What is the remainder when 472 is divided by 21/(-77)*-11 - 6/(-2)?
4
Let a = -289 - -298. What is the remainder when 106 is divided by a?
7
Suppose -3*i - 2*i + 115 = -5*f, -i = 4*f + 92. Let b = -11 - f. Let z(l) = 9*l - 2. What is the remainder when z(4) is divided by b?
10
What is the remainder when 44 is divided by -3 + 548/60 + (-4)/30?
2
Let m(s) = s**3 - 26*s**2 - 11*s - 102. Calculate the remainder when m(27) is divided by 24.
18
Suppose 6*j + 3*j - 864 = 0. Calculate the remainder when 97 is divided by j.
1
Let a be (3 + -4)*0 + 3. What is the remainder when 166/a - ((-8)/(-6) - 1) is divided by 14?
13
Let v = -24 + 27. Suppose 151 - 667 = -5*j + v*u, -2*j + 2*u + 204 = 0. Calculate the remainder when j is divided by 18.
15
Let m(i) = 2*i**2 + 9*i + 1. Suppose -6*g + 3*g - 12 = 0. Let n(h) = -h**2 - 6*h - 1. Calculate the remainder when m(-6) is divided by n(g).
5
Let v be ((-231)/6 - 2)*(2 + -10). Let t = -189 + v. What is the remainder when t is divided by 35?
30
Suppose -3*q + 232 = 58. What is the remai